{"id":409,"date":"2023-11-13T17:33:38","date_gmt":"2023-11-13T16:33:38","guid":{"rendered":"https:\/\/ufv-halberstadt.de\/2023\/?page_id=409"},"modified":"2026-01-21T09:04:25","modified_gmt":"2026-01-21T08:04:25","slug":"angebote","status":"publish","type":"page","link":"https:\/\/ufv-halberstadt.de\/2023\/angebote\/","title":{"rendered":"Angebote"},"content":{"rendered":"\n<div class=\"wp-block-uagb-container uagb-block-7e94654f alignfull uagb-is-root-container\"><div class=\"uagb-container-inner-blocks-wrap\">\n<div class=\"wp-block-uagb-advanced-heading uagb-block-b79607e1\"><h2 class=\"uagb-heading-text\">Regelm\u00e4\u00dfige Angebote<\/h2><\/div>\n\n\n\n<div class=\"wp-block-uagb-container uagb-block-a0c97e66 alignfull uagb-is-root-container\"><div class=\"uagb-container-inner-blocks-wrap\">\n<div class=\"wp-block-uagb-container uagb-block-b8e7faf8\">\n<h2 class=\"wp-block-heading\">Bildung<\/h2>\n\n\n\n<p>Das Frauenzentrum Lilith versteht sich als offene Bildungsst\u00e4tte f\u00fcr M\u00e4dchen und Frauen mit dem Leitziel, Fragen der Gleichstellung und geschlechtsspezifischer Diskriminierungen in den zivilgesellschaftlichen Diskurs zu bringen. Neben regelm\u00e4\u00dfigen Veranstaltungen bieten wir ein offenes Angebot zur Unterst\u00fctzung bei Formularen, Antr\u00e4gen oder Bewerbungen.<\/p>\n<\/div>\n\n\n\n<div class=\"wp-block-uagb-container uagb-block-60ddf8f4\">\n<h2 class=\"wp-block-heading\">Bibliothek<\/h2>\n\n\n\n<p>Im Frauenzentrum halten wir eine Bibliothek mit ausgew\u00e4hlter Fach- und Sachliteratur, sowie Belletristik mit dem Bezug zu frauenspezifischen Themen und Gleichstellungsfragen, vor.<\/p>\n\n\n\n<p>Gerne k\u00f6nnen B\u00fccher geliehen werden oder das Frauenzentrum als Lese und Diskussionsraum genutzt werden.<\/p>\n<\/div>\n\n\n\n<div class=\"wp-block-uagb-container uagb-block-61ef7f1f\">\n<h2 class=\"wp-block-heading\">Ausstellung<\/h2>\n\n\n\n<p><strong>&#8222;SchmuckSt\u00fccke der St\u00e4rke&#8220;<\/strong><\/p>\n\n\n\n<p>Die Frauen des Jahres im UFV seit 2009, gew\u00fcrdigt durch au\u00dfergew\u00f6hnliche Schmuckst\u00fccke der K\u00fcnstlerin B\u00e4rbel Herre.<\/p>\n\n\n\n<p>Die Ausstellung kann zu den \u00d6ffnungszeiten besucht werden.<\/p>\n\n\n\n<p><\/p>\n<\/div>\n<\/div><\/div>\n\n\n\n<div class=\"wp-block-columns has-border-color has-background is-layout-flex wp-container-core-columns-is-layout-3d39f073 wp-block-columns-is-layout-flex\" style=\"border-color:var(--ast-global-color-0);border-width:1px;background-color:#f9f9f9;margin-top:0;margin-bottom:0;padding-top:0;padding-right:0;padding-bottom:0;padding-left:0\">\n<div class=\"wp-block-column has-background is-layout-flow wp-block-column-is-layout-flow\" style=\"background-color:#e3cfe9;padding-top:0;padding-right:0;padding-bottom:0;padding-left:0;flex-basis:33.33%\">\n<div class=\"wp-block-uagb-container uagb-block-96c20363\">\n<h4 class=\"wp-block-heading\">Montag <\/h4>\n\n\n\n<h3 class=\"wp-block-heading\"><strong>Erz\u00e4hlcaf\u00e8<\/strong><\/h3>\n\n\n\n<p>Eine Kooperation mit ZORA e.V.<\/p>\n<\/div>\n<\/div>\n\n\n\n<div class=\"wp-block-column is-layout-flow wp-block-column-is-layout-flow\" style=\"flex-basis:66.66%\">\n<div class=\"wp-block-uagb-container uagb-block-f6ab5d60\">\n<p>Montags 12:00 &#8211; 14:00 Uhr<\/p>\n\n\n\n<details class=\"wp-block-details is-layout-flow wp-block-details-is-layout-flow\"><summary><strong>Mehr<\/strong><\/summary>\n<p>\u00dcbung deutscher Alltagssprache f\u00fcr Deutsch Lernende.<\/p>\n\n\n\n<p>Ort: Soziokulturelles Zentrum ZORA e.V., Steinhof 1, 38820 Halberstadt <\/p>\n<\/details>\n<\/div>\n<\/div>\n<\/div>\n\n\n\n<div class=\"wp-block-columns has-border-color has-background is-layout-flex wp-container-core-columns-is-layout-3d39f073 wp-block-columns-is-layout-flex\" style=\"border-color:var(--ast-global-color-0);border-width:1px;background-color:#f9f9f9;margin-top:0;margin-bottom:0;padding-top:0;padding-right:0;padding-bottom:0;padding-left:0\">\n<div class=\"wp-block-column has-background is-layout-flow wp-block-column-is-layout-flow\" style=\"background-color:#e3cfe9;padding-top:0;padding-right:0;padding-bottom:0;padding-left:0;flex-basis:33.33%\">\n<div class=\"wp-block-uagb-container uagb-block-5a2a2379\">\n<h4 class=\"wp-block-heading\">Montag <\/h4>\n\n\n\n<h3 class=\"wp-block-heading\"><strong>Qi Gong <\/strong><\/h3>\n\n\n\n<p>mit Petra Pfuhl<\/p>\n<\/div>\n<\/div>\n\n\n\n<div class=\"wp-block-column is-layout-flow wp-block-column-is-layout-flow\" style=\"flex-basis:66.66%\">\n<div class=\"wp-block-uagb-container uagb-block-139780bc\">\n<p>Montags 17:00 &#8211; 18:15 Uhr<\/p>\n\n\n\n<details class=\"wp-block-details is-layout-flow wp-block-details-is-layout-flow\"><summary><strong>Mehr<\/strong><\/summary>\n<p>Qi Gong ist Teil der TCM ( Traditionellen Chinesischen Medizin) und bedeutet etwa- Arbeit mit der Energie.<\/p>\n\n\n\n<p>Dabei werden die Selbstheilungskr\u00e4fte unseres K\u00f6rpers aktiviert, Stress und Blockaden abgebaut und Harmonie und Gleichgewicht im K\u00f6rper angestrebt.<\/p>\n\n\n\n<p>Mit langsamen flie\u00dfenden Bewegungen und entsprechender Atmung soll unsere Lebensenergie erhalten, gest\u00e4rkt und ausgeglichen werden.<\/p>\n\n\n\n<p>Qi Gong kann in jedem Alter und ohne Vorerfahrung ausge\u00fcbt werden.<\/p>\n\n\n\n<p><\/p>\n<\/details>\n<\/div>\n<\/div>\n<\/div>\n\n\n\n<div class=\"wp-block-columns has-border-color has-background is-layout-flex wp-container-core-columns-is-layout-3d39f073 wp-block-columns-is-layout-flex\" style=\"border-color:var(--ast-global-color-0);border-width:1px;background-color:#f9f9f9;margin-top:0;margin-bottom:0;padding-top:0;padding-right:0;padding-bottom:0;padding-left:0\">\n<div class=\"wp-block-column has-background is-layout-flow wp-block-column-is-layout-flow\" style=\"background-color:#e3cfe9;padding-top:0;padding-right:0;padding-bottom:0;padding-left:0;flex-basis:33.33%\">\n<div class=\"wp-block-uagb-container uagb-block-f9e83735\">\n<h4 class=\"wp-block-heading\">Montag <\/h4>\n\n\n\n<h3 class=\"wp-block-heading\"><strong>Schreibwerkstatt<\/strong><\/h3>\n<\/div>\n<\/div>\n\n\n\n<div class=\"wp-block-column is-layout-flow wp-block-column-is-layout-flow\" style=\"flex-basis:66.66%\">\n<div class=\"wp-block-uagb-container uagb-block-fd823580\">\n<p>Jeden zweiten Montag im Monat 15:30 Uhr<\/p>\n\n\n\n<details class=\"wp-block-details is-layout-flow wp-block-details-is-layout-flow\"><summary><strong>Mehr<\/strong><\/summary>\n<p>Die LEB und das Frauenzentrum Lilith laden ein zum Kreativen Schreiben.<\/p>\n\n\n\n<p>Ort: R\u00e4umlichkeiten des LEB in der Gr\u00f6perstra\u00dfe 88<\/p>\n<\/details>\n<\/div>\n<\/div>\n<\/div>\n\n\n\n<div class=\"wp-block-columns has-border-color has-ast-global-color-0-border-color has-background is-layout-flex wp-container-core-columns-is-layout-3d39f073 wp-block-columns-is-layout-flex\" style=\"border-width:1px;background-color:#f9f9f9;margin-top:0;margin-bottom:0;padding-top:0;padding-right:0;padding-bottom:0;padding-left:0\">\n<div class=\"wp-block-column has-background is-layout-flow wp-block-column-is-layout-flow\" style=\"background-color:#e8cfe4;padding-top:0;padding-right:0;padding-bottom:0;padding-left:0;flex-basis:33.33%\">\n<div class=\"wp-block-uagb-container uagb-block-7ed24ced\">\n<h4 class=\"wp-block-heading\">Dienstag<\/h4>\n\n\n\n<h3 class=\"wp-block-heading\"><strong>Frauentreff Dienstagsfrauen<\/strong><\/h3>\n<\/div>\n<\/div>\n\n\n\n<div class=\"wp-block-column is-layout-flow wp-block-column-is-layout-flow\" style=\"flex-basis:66.66%\">\n<div class=\"wp-block-uagb-container uagb-block-e3b48ec6\">\n<p>Dienstags 10:00 Uhr<\/p>\n\n\n\n<details class=\"wp-block-details is-layout-flow wp-block-details-is-layout-flow\"><summary><strong>Mehr<\/strong><\/summary>\n<p>Ungezwungen ins Gespr\u00e4ch kommen \u00fcber Allt\u00e4gliches und Nicht-Allt\u00e4gliches.<\/p>\n\n\n\n<p>Ort: Frauenzentrum Lilith<\/p>\n<\/details>\n<\/div>\n<\/div>\n<\/div>\n\n\n\n<div class=\"wp-block-columns has-border-color has-ast-global-color-0-border-color has-background is-layout-flex wp-container-core-columns-is-layout-3d39f073 wp-block-columns-is-layout-flex\" style=\"border-width:1px;background-color:#f9f9f9;margin-top:0;margin-bottom:0;padding-top:0;padding-right:0;padding-bottom:0;padding-left:0\">\n<div class=\"wp-block-column has-background is-layout-flow wp-block-column-is-layout-flow\" style=\"background-color:#e8cfe4;padding-top:0;padding-right:0;padding-bottom:0;padding-left:0;flex-basis:33.33%\">\n<div class=\"wp-block-uagb-container uagb-block-64a66ef7\">\n<h4 class=\"wp-block-heading\">jeden 2. und 4. Dienstag im Monat<\/h4>\n\n\n\n<h3 class=\"wp-block-heading\"><strong>Frauensalon<\/strong> &#8211; <strong>Gesellschaftsspiele total analog<\/strong><\/h3>\n<\/div>\n<\/div>\n\n\n\n<div class=\"wp-block-column is-layout-flow wp-block-column-is-layout-flow\" style=\"flex-basis:66.66%\">\n<div class=\"wp-block-uagb-container uagb-block-79ebf396\">\n<p>Dienstags 14:00 -16:00Uhr<\/p>\n\n\n\n<details class=\"wp-block-details is-layout-flow wp-block-details-is-layout-flow\"><summary><strong>Mehr<\/strong><\/summary>\n<p>Offenes Angebot f\u00fcr alle Frauen die Spa\u00df an Karten-und Brettspielen haben.<\/p>\n\n\n\n<p>Ort: Frauenzentrum Lilith<\/p>\n<\/details>\n<\/div>\n<\/div>\n<\/div>\n\n\n\n<div class=\"wp-block-columns has-border-color has-ast-global-color-0-border-color has-background is-layout-flex wp-container-core-columns-is-layout-3d39f073 wp-block-columns-is-layout-flex\" style=\"border-width:1px;background-color:#f9f9f9;margin-top:0;margin-bottom:0;padding-top:0;padding-right:0;padding-bottom:0;padding-left:0\">\n<div class=\"wp-block-column has-background is-layout-flow wp-block-column-is-layout-flow\" style=\"background-color:#dacfe8;padding-top:0;padding-right:0;padding-bottom:0;padding-left:0;flex-basis:33.33%\">\n<div class=\"wp-block-uagb-container uagb-block-ed60ef45\">\n<h4 class=\"wp-block-heading\">Mittwoch (geschlossene Gruppe)<\/h4>\n\n\n\n<h3 class=\"wp-block-heading\"><strong>Wirbels\u00e4ulengymnastik<\/strong><\/h3>\n<\/div>\n<\/div>\n\n\n\n<div class=\"wp-block-column is-layout-flow wp-block-column-is-layout-flow\" style=\"flex-basis:66.66%\">\n<div class=\"wp-block-uagb-container uagb-block-f3dd1621\">\n<p>Mittwochs 09.30 \u2013 10.30 Uhr<\/p>\n\n\n\n<details class=\"wp-block-details is-layout-flow wp-block-details-is-layout-flow\"><summary><strong>Mehr<\/strong><\/summary>\n<p>Wirbels\u00e4ulengymnastik sowie r\u00fcckengerechtes Verhalten im Alltag. Muskelkr\u00e4ftigung f\u00fcr \u201eBauch, Beine und Po\u201c und Entspannungsmethoden mit der Entspannungsp\u00e4dagogin und Bewegungstrainerin Sabine Hesse-Lodahl<\/p>\n\n\n\n<p>Ort: Sportraum des ASB, Wilhelm Trautewein Stra\u00dfe 133a, 38820 Halberstadt<\/p>\n\n\n\n<p><\/p>\n<\/details>\n<\/div>\n<\/div>\n<\/div>\n\n\n\n<div class=\"wp-block-columns has-border-color has-ast-global-color-0-border-color has-background is-layout-flex wp-container-core-columns-is-layout-3d39f073 wp-block-columns-is-layout-flex\" style=\"border-width:1px;background-color:#f9f9f9;margin-top:0;margin-bottom:0;padding-top:0;padding-right:0;padding-bottom:0;padding-left:0\">\n<div class=\"wp-block-column has-background is-layout-flow wp-block-column-is-layout-flow\" style=\"background-color:#dacfe8;padding-top:0;padding-right:0;padding-bottom:0;padding-left:0;flex-basis:33.33%\">\n<div class=\"wp-block-uagb-container uagb-block-1f4650fe\">\n<h4 class=\"wp-block-heading\">Mittwoch <\/h4>\n\n\n\n<h3 class=\"wp-block-heading\"><strong>Treff ukrainischer Frauen<\/strong><\/h3>\n<\/div>\n<\/div>\n\n\n\n<div class=\"wp-block-column is-layout-flow wp-block-column-is-layout-flow\" style=\"flex-basis:66.66%\">\n<div class=\"wp-block-uagb-container uagb-block-1212cec4\">\n<p>Mittwochs 10:00 \u2013 12:00 Uhr<\/p>\n\n\n\n<details class=\"wp-block-details is-layout-flow wp-block-details-is-layout-flow\"><summary><strong>Mehr<\/strong><\/summary>\n<p>Treff ukrainischer Frauen zum Austausch und gegenseitiger Unterst\u00fctzung.<\/p>\n\n\n\n<p>Ort: Frauenzentrum Lilith<\/p>\n\n\n\n<p><\/p>\n<\/details>\n<\/div>\n<\/div>\n<\/div>\n\n\n\n<div class=\"wp-block-columns has-border-color has-ast-global-color-0-border-color has-background is-layout-flex wp-container-core-columns-is-layout-3d39f073 wp-block-columns-is-layout-flex\" style=\"border-width:1px;background-color:#f9f9f9;margin-top:0;margin-bottom:0;padding-top:0;padding-right:0;padding-bottom:0;padding-left:0\">\n<div class=\"wp-block-column has-background is-layout-flow wp-block-column-is-layout-flow\" style=\"background-color:#dacfe8;padding-top:0;padding-right:0;padding-bottom:0;padding-left:0;flex-basis:33.33%\">\n<div class=\"wp-block-uagb-container uagb-block-aa1cb7de\">\n<h4 class=\"wp-block-heading\">Mittwoch<\/h4>\n\n\n\n<h3 class=\"wp-block-heading\"><strong>Kreativwerkstatt<\/strong><\/h3>\n<\/div>\n<\/div>\n\n\n\n<div class=\"wp-block-column is-layout-flow wp-block-column-is-layout-flow\" style=\"flex-basis:66.66%\">\n<div class=\"wp-block-uagb-container uagb-block-6303a997\">\n<p>Mittwochs 15:00 \u2013 17:00 Uhr<\/p>\n\n\n\n<details class=\"wp-block-details is-layout-flow wp-block-details-is-layout-flow\"><summary><strong>Mehr<\/strong><\/summary>\n<p>Eine M\u00f6glichkeit verschiedenste Handarbeitstechniken auszutauschen und auszuprobieren mit Unterst\u00fctzung erfahrener Handarbeitsfreaks.<\/p>\n\n\n\n<p>Ort: Frauenzentrum Lilith<\/p>\n<\/details>\n<\/div>\n<\/div>\n<\/div>\n\n\n\n<div class=\"wp-block-columns has-border-color has-ast-global-color-0-border-color has-background is-layout-flex wp-container-core-columns-is-layout-3d39f073 wp-block-columns-is-layout-flex\" style=\"border-width:1px;background-color:#f9f9f9;margin-top:0;margin-bottom:0;padding-top:0;padding-right:0;padding-bottom:0;padding-left:0\">\n<div class=\"wp-block-column has-background is-layout-flow wp-block-column-is-layout-flow\" style=\"background-color:#dacfe8;padding-top:0;padding-right:0;padding-bottom:0;padding-left:0;flex-basis:33.33%\">\n<div class=\"wp-block-uagb-container uagb-block-b9d121d6\">\n<h4 class=\"wp-block-heading\">Mittwoch<\/h4>\n\n\n\n<h3 class=\"wp-block-heading\"><strong>Orientalische Tanzgruppe<\/strong><br><strong>\u201eW\u00fcstenrose\u201c<\/strong><\/h3>\n<\/div>\n<\/div>\n\n\n\n<div class=\"wp-block-column is-layout-flow wp-block-column-is-layout-flow\" style=\"flex-basis:66.66%\">\n<div class=\"wp-block-uagb-container uagb-block-d8411065\">\n<p>Mittwochs 18:00 \u2013 19:00 Uhr<\/p>\n\n\n\n<details class=\"wp-block-details is-layout-flow wp-block-details-is-layout-flow\"><summary><strong>Mehr<\/strong><\/summary>\n<p>Ort: Frauenzentrum Lilith<\/p>\n<\/details>\n<\/div>\n<\/div>\n<\/div>\n\n\n\n<div class=\"wp-block-columns has-border-color has-ast-global-color-0-border-color has-background is-layout-flex wp-container-core-columns-is-layout-3d39f073 wp-block-columns-is-layout-flex\" style=\"border-width:1px;background-color:#f9f9f9;margin-top:0;margin-bottom:0;padding-top:0;padding-right:0;padding-bottom:0;padding-left:0\">\n<div class=\"wp-block-column has-background is-layout-flow wp-block-column-is-layout-flow\" style=\"background-color:#d1cfe8;padding-top:0;padding-right:0;padding-bottom:0;padding-left:0;flex-basis:33.33%\">\n<div class=\"wp-block-uagb-container uagb-block-fcb48005\">\n<h4 class=\"wp-block-heading\">Donnerstag<\/h4>\n\n\n\n<h3 class=\"wp-block-heading\"><strong>Frauentreff \u201eNadeshda\u201c<\/strong><\/h3>\n<\/div>\n<\/div>\n\n\n\n<div class=\"wp-block-column is-layout-flow wp-block-column-is-layout-flow\" style=\"flex-basis:66.66%\">\n<div class=\"wp-block-uagb-container uagb-block-b60ef358\">\n<p>Donnerstags 10:00 Uhr<\/p>\n\n\n\n<details class=\"wp-block-details is-layout-flow wp-block-details-is-layout-flow\"><summary><strong>Mehr<\/strong><\/summary>\n<p>Frauentreff \u201eNadeshda\u201c (russ.: Hoffnung)<\/p>\n\n\n\n<p>Ort: Frauenzentrum Lilith<\/p>\n<\/details>\n<\/div>\n<\/div>\n<\/div>\n\n\n\n<div class=\"wp-block-columns has-border-color has-ast-global-color-0-border-color has-background is-layout-flex wp-container-core-columns-is-layout-3d39f073 wp-block-columns-is-layout-flex\" style=\"border-width:1px;background-color:#f9f9f9;margin-top:0;margin-bottom:0;padding-top:0;padding-right:0;padding-bottom:0;padding-left:0\">\n<div class=\"wp-block-column has-background is-layout-flow wp-block-column-is-layout-flow\" style=\"background-color:#d1cfe8;padding-top:0;padding-right:0;padding-bottom:0;padding-left:0;flex-basis:33.33%\">\n<div class=\"wp-block-uagb-container uagb-block-50484dc5\">\n<p><\/p>\n\n\n\n<p>Donnerstag<\/p>\n\n\n\n<h3 class=\"wp-block-heading\"><strong>Ayurveda aktiv und individuell<\/strong><\/h3>\n<\/div>\n<\/div>\n\n\n\n<div class=\"wp-block-column is-layout-flow wp-block-column-is-layout-flow\" style=\"flex-basis:66.66%\">\n<div class=\"wp-block-uagb-container uagb-block-1f71c01a\">\n<p>Donnerstags 16:00 Uhr<\/p>\n\n\n\n<details class=\"wp-block-details is-layout-flow wp-block-details-is-layout-flow\"><summary><strong>Mehr<\/strong><\/summary>\n<p>Gemeinsam wollen wir die indische Lebens- und Heilkunde f\u00fcr uns entdecken, Anwendungen und leckere Rezepte ausprobieren. Wir werden gemeinsam unsere Konstitutionstypen erkunden und die Ver\u00e4nderungen im Verlauf der Jahreszeiten bewusst erfahren und darauf eingehen.<\/p>\n\n\n\n<p>Ich freue mich auf die gemeinsame Entdeckungsreise!<\/p>\n\n\n\n<p>&nbsp;Manuela<\/p>\n\n\n\n<p>Ort: Frauenzentrum Lilith<\/p>\n<\/details>\n<\/div>\n<\/div>\n<\/div>\n\n\n\n<div class=\"wp-block-columns has-border-color has-ast-global-color-0-border-color has-background is-layout-flex wp-container-core-columns-is-layout-3d39f073 wp-block-columns-is-layout-flex\" style=\"border-width:1px;background-color:#f9f9f9;margin-top:0;margin-bottom:0;padding-top:0;padding-right:0;padding-bottom:0;padding-left:0\">\n<div class=\"wp-block-column has-background is-layout-flow wp-block-column-is-layout-flow\" style=\"background-color:#dfe8cf;padding-top:0;padding-right:0;padding-bottom:0;padding-left:0;flex-basis:33.33%\">\n<div class=\"wp-block-uagb-container uagb-block-835c6e79\">\n<h4 class=\"wp-block-heading\">Nach Absprache<\/h4>\n\n\n\n<h3 class=\"wp-block-heading\"><strong>Geschichts-Kultur-Werkstatt<\/strong><\/h3>\n<\/div>\n<\/div>\n\n\n\n<div class=\"wp-block-column is-layout-flow wp-block-column-is-layout-flow\" style=\"flex-basis:66.66%\">\n<div class=\"wp-block-uagb-container uagb-block-0620e28f\">\n<p>Nach Absprache<\/p>\n\n\n\n<details class=\"wp-block-details is-layout-flow wp-block-details-is-layout-flow\"><summary><strong>Mehr<\/strong><\/summary>\n<p>Ansprechpartnerin: Ellen Fauser <\/p>\n\n\n\n<p><\/p>\n<\/details>\n<\/div>\n<\/div>\n<\/div>\n<\/div><\/div>\n","protected":false},"excerpt":{"rendered":"<p>Regelm\u00e4\u00dfige Angebote Bildung Das Frauenzentrum Lilith versteht sich als offene Bildungsst\u00e4tte f\u00fcr M\u00e4dchen und Frauen mit dem Leitziel, Fragen der Gleichstellung und geschlechtsspezifischer Diskriminierungen in den zivilgesellschaftlichen Diskurs zu bringen. [&hellip;]<\/p>\n","protected":false},"author":1,"featured_media":0,"parent":0,"menu_order":0,"comment_status":"closed","ping_status":"closed","template":"","meta":{"_uag_custom_page_level_css":"","site-sidebar-layout":"default","site-content-layout":"","ast-site-content-layout":"default","site-content-style":"default","site-sidebar-style":"default","ast-global-header-display":"","ast-banner-title-visibility":"","ast-main-header-display":"","ast-hfb-above-header-display":"","ast-hfb-below-header-display":"","ast-hfb-mobile-header-display":"","site-post-title":"disabled","ast-breadcrumbs-content":"","ast-featured-img":"","footer-sml-layout":"","ast-disable-related-posts":"","theme-transparent-header-meta":"","adv-header-id-meta":"","stick-header-meta":"","header-above-stick-meta":"","header-main-stick-meta":"","header-below-stick-meta":"","astra-migrate-meta-layouts":"","ast-page-background-enabled":"default","ast-page-background-meta":{"desktop":{"background-color":"var(--ast-global-color-4)","background-image":"","background-repeat":"repeat","background-position":"center center","background-size":"auto","background-attachment":"scroll","background-type":"","background-media":"","overlay-type":"","overlay-color":"","overlay-opacity":"","overlay-gradient":""},"tablet":{"background-color":"","background-image":"","background-repeat":"repeat","background-position":"center center","background-size":"auto","background-attachment":"scroll","background-type":"","background-media":"","overlay-type":"","overlay-color":"","overlay-opacity":"","overlay-gradient":""},"mobile":{"background-color":"","background-image":"","background-repeat":"repeat","background-position":"center center","background-size":"auto","background-attachment":"scroll","background-type":"","background-media":"","overlay-type":"","overlay-color":"","overlay-opacity":"","overlay-gradient":""}},"ast-content-background-meta":{"desktop":{"background-color":"var(--ast-global-color-5)","background-image":"","background-repeat":"repeat","background-position":"center center","background-size":"auto","background-attachment":"scroll","background-type":"","background-media":"","overlay-type":"","overlay-color":"","overlay-opacity":"","overlay-gradient":""},"tablet":{"background-color":"var(--ast-global-color-5)","background-image":"","background-repeat":"repeat","background-position":"center center","background-size":"auto","background-attachment":"scroll","background-type":"","background-media":"","overlay-type":"","overlay-color":"","overlay-opacity":"","overlay-gradient":""},"mobile":{"background-color":"var(--ast-global-color-5)","background-image":"","background-repeat":"repeat","background-position":"center center","background-size":"auto","background-attachment":"scroll","background-type":"","background-media":"","overlay-type":"","overlay-color":"","overlay-opacity":"","overlay-gradient":""}},"_themeisle_gutenberg_block_has_review":false,"footnotes":""},"class_list":["post-409","page","type-page","status-publish","hentry"],"uagb_featured_image_src":{"full":false,"thumbnail":false,"medium":false,"medium_large":false,"large":false,"1536x1536":false,"2048x2048":false},"uagb_author_info":{"display_name":"mcicom23","author_link":"https:\/\/ufv-halberstadt.de\/2023\/author\/mcicom23\/"},"uagb_comment_info":0,"uagb_excerpt":"Regelm\u00e4\u00dfige Angebote Bildung Das Frauenzentrum Lilith versteht sich als offene Bildungsst\u00e4tte f\u00fcr M\u00e4dchen und Frauen mit dem Leitziel, Fragen der Gleichstellung und geschlechtsspezifischer Diskriminierungen in den zivilgesellschaftlichen Diskurs zu bringen. [&hellip;]","_links":{"self":[{"href":"https:\/\/ufv-halberstadt.de\/2023\/wp-json\/wp\/v2\/pages\/409","targetHints":{"allow":["GET"]}}],"collection":[{"href":"https:\/\/ufv-halberstadt.de\/2023\/wp-json\/wp\/v2\/pages"}],"about":[{"href":"https:\/\/ufv-halberstadt.de\/2023\/wp-json\/wp\/v2\/types\/page"}],"author":[{"embeddable":true,"href":"https:\/\/ufv-halberstadt.de\/2023\/wp-json\/wp\/v2\/users\/1"}],"replies":[{"embeddable":true,"href":"https:\/\/ufv-halberstadt.de\/2023\/wp-json\/wp\/v2\/comments?post=409"}],"version-history":[{"count":10,"href":"https:\/\/ufv-halberstadt.de\/2023\/wp-json\/wp\/v2\/pages\/409\/revisions"}],"predecessor-version":[{"id":1705,"href":"https:\/\/ufv-halberstadt.de\/2023\/wp-json\/wp\/v2\/pages\/409\/revisions\/1705"}],"wp:attachment":[{"href":"https:\/\/ufv-halberstadt.de\/2023\/wp-json\/wp\/v2\/media?parent=409"}],"curies":[{"name":"wp","href":"https:\/\/api.w.org\/{rel}","templated":true}]}}