{"id":414,"date":"2023-11-13T17:50:45","date_gmt":"2023-11-13T16:50:45","guid":{"rendered":"https:\/\/ufv-halberstadt.de\/2023\/?page_id=414"},"modified":"2024-01-24T14:27:04","modified_gmt":"2024-01-24T13:27:04","slug":"notfall","status":"publish","type":"page","link":"https:\/\/ufv-halberstadt.de\/2023\/notfall\/","title":{"rendered":"Notfall"},"content":{"rendered":"\n<div class=\"wp-block-uagb-container uagb-block-018ad690 alignfull uagb-is-root-container\"><div class=\"uagb-container-inner-blocks-wrap\">\n<div class=\"wp-block-uagb-advanced-heading uagb-block-910b9803\"><h2 class=\"uagb-heading-text\">Du bist von Gewalt betroffen <br>und ben\u00f6tigst Unterst\u00fctzung?<\/h2><\/div>\n\n\n\n<h3 class=\"wp-block-heading\"><i class=\"fas fa-circle-exclamation\"><\/i> In Akutsituationen solltest Du nicht z\u00f6gern die Polizei zu kontaktieren.<br><\/h3>\n\n\n\n<div class=\"wp-block-uagb-container uagb-block-af88e760\">\n<div class=\"wp-block-uagb-container uagb-block-ecb8029e\">\n<h3 class=\"wp-block-heading\">Zu jeder Tages- und Nachtzeit kannst Du telefonische Beratung und Unterst\u00fctzung beim <a href=\"https:\/\/www.hilfetelefon.de\/\">Hilfetelefon \u201eGewalt gegen Frauen\u201c<\/a> in <a href=\"https:\/\/www.hilfetelefon.de\/das-hilfetelefon\/beratung\/beratung-in-18-sprachen.html\">18 verschiedenen Sprachen<\/a> in Anspruch nehmen.<\/h3>\n<\/div>\n\n\n\n<div class=\"wp-block-uagb-container uagb-block-fc745254\">\n<figure class=\"wp-block-image size-full\"><a href=\"https:\/\/www.hilfetelefon.de\/\"><img decoding=\"async\" src=\"https:\/\/ufv-halberstadt.de\/2023\/wp-content\/uploads\/2023\/11\/Logo_Hilfetelefon_2023.svg\" alt=\"Hilfetelefon Gewalt gegen Frauen, Telefonnummer: 116016\" class=\"wp-image-671\"\/><\/a><\/figure>\n<\/div>\n<\/div>\n\n\n\n<div class=\"wp-block-uagb-tabs uagb-block-4d871d55 uagb-tabs__wrap uagb-tabs__hstyle1-desktop uagb-tabs__vstyle6-tablet uagb-tabs__stack1-mobile\" data-tab-active=\"0\"><ul class=\"uagb-tabs__panel uagb-tabs__align-left\" role=\"tablist\"><li class=\"uagb-tab uagb-tabs__active\" role=\"none\"><a href=\"#uagb-tabs__tab0\" class=\"uagb-tabs-list uagb-tabs__icon-position-left\" data-tab=\"0\" role=\"tab\"><div>English<\/div><\/a><\/li><li class=\"uagb-tab \" role=\"none\"><a href=\"#uagb-tabs__tab1\" class=\"uagb-tabs-list uagb-tabs__icon-position-left\" data-tab=\"1\" role=\"tab\"><div>Fran\u00e7ais<\/div><\/a><\/li><li class=\"uagb-tab \" role=\"none\"><a href=\"#uagb-tabs__tab2\" class=\"uagb-tabs-list uagb-tabs__icon-position-left\" data-tab=\"2\" role=\"tab\"><div>Espa\u00f1ol<\/div><\/a><\/li><li class=\"uagb-tab \" role=\"none\"><a href=\"#uagb-tabs__tab3\" class=\"uagb-tabs-list uagb-tabs__icon-position-left\" data-tab=\"3\" role=\"tab\"><div>\u0420\u0443\u0441\u0441\u043a\u0438\u0439<\/div><\/a><\/li><li class=\"uagb-tab \" role=\"none\"><a href=\"#uagb-tabs__tab4\" class=\"uagb-tabs-list uagb-tabs__icon-position-left\" data-tab=\"4\" role=\"tab\"><div>\u0443\u043a\u0440\u0430\u0457\u043d\u0441\u044c\u043a\u0430<\/div><\/a><\/li><li class=\"uagb-tab \" role=\"none\"><a href=\"#uagb-tabs__tab5\" class=\"uagb-tabs-list uagb-tabs__icon-position-left\" data-tab=\"5\" role=\"tab\"><div>\u0639\u0631\u0628\u064a<\/div><\/a><\/li><li class=\"uagb-tab \" role=\"none\"><a href=\"#uagb-tabs__tab6\" class=\"uagb-tabs-list uagb-tabs__icon-position-left\" data-tab=\"6\" role=\"tab\"><div>\u0641\u0627\u0631\u0633\u06cc<\/div><\/a><\/li><li class=\"uagb-tab \" role=\"none\"><a href=\"#uagb-tabs__tab7\" class=\"uagb-tabs-list uagb-tabs__icon-position-left\" data-tab=\"7\" role=\"tab\"><div>\u1275\u130d\u122a\u129b<\/div><\/a><\/li><\/ul><div class=\"uagb-tabs__body-wrap\">\n<div class=\"wp-block-uagb-tabs-child uagb-tabs__body-container uagb-inner-tab-0\" aria-labelledby=\"uagb-tabs__tab0\">\n<p>Are you affected by violence and need support?<\/p>\n\n\n\n<p>In an acute situation, you should not hesitate to contact the police.<\/p>\n\n\n\n<p>You can call the &#8222;Violence Against Women&#8220; helpline at any time of day or night for phone advice and support <a href=\"https:\/\/www.hilfetelefon.de\/das-hilfetelefon\/beratung\/beratung-in-18-sprachen.html\">in 18 different languages<\/a>.<\/p>\n<\/div>\n\n\n\n<div class=\"wp-block-uagb-tabs-child uagb-tabs__body-container uagb-inner-tab-1\" aria-labelledby=\"uagb-tabs__tab1\">\n<p>Tu es victime de violence et tu as besoin de soutien ?<\/p>\n\n\n\n<p>Dans les situations d&#8217;urgence, n&#8217;h\u00e9site pas \u00e0 contacter la police.<\/p>\n\n\n\n<p>\u00c0 toute heure du jour et de la nuit, tu peux obtenir des conseils et un soutien par t\u00e9l\u00e9phone aupr\u00e8s de la ligne d&#8217;aide &#8222;Gewalt gegen Frauen&#8220; (violence contre les femmes), disponible en 18 langues diff\u00e9rentes.<\/p>\n<\/div>\n\n\n\n<div class=\"wp-block-uagb-tabs-child uagb-tabs__body-container uagb-inner-tab-2\" aria-labelledby=\"uagb-tabs__tab2\">\n<p>Est\u00e1s afectada por la violencia y necesitas ayuda?<\/p>\n\n\n\n<p>En una situaci\u00f3n grave, no dudes en ponerte en contacto con la polic\u00eda.<\/p>\n\n\n\n<p>Puedes llamar la l\u00ednea de asistencia \u201eGewalt gegen Frauen\u201c (violencia contra las mujeres) a cualquier hora del d\u00eda o de la noche para recibir asesoramiento y apoyo en 18 idiomas diferentes.<\/p>\n<\/div>\n\n\n\n<div class=\"wp-block-uagb-tabs-child uagb-tabs__body-container uagb-inner-tab-3\" aria-labelledby=\"uagb-tabs__tab3\">\n<p><strong>\u0412\u044b \u043f\u043e\u0441\u0442\u0440\u0430\u0434\u0430\u043b\u0438 \u043e\u0442 \u043d\u0430\u0441\u0438\u043b\u0438\u044f \u0438 \u043d\u0443\u0436\u0434\u0430\u0435\u0442\u0435\u0441\u044c \u0432 \u043f\u043e\u0434\u0434\u0435\u0440\u0436\u043a\u0435?<br>\u0412 \u0447\u0440\u0435\u0437\u0432\u044b\u0447\u0430\u0439\u043d\u043e\u0439 \u0441\u0438\u0442\u0443\u0430\u0446\u0438\u0438 \u043d\u0435 \u0441\u0442\u043e\u0438\u0442 \u043c\u0435\u0434\u043b\u0438\u0442\u044c \u0441 \u043e\u0431\u0440\u0430\u0449\u0435\u043d\u0438\u0435\u043c \u0432 \u043f\u043e\u043b\u0438\u0446\u0438\u044e.<br><\/strong><br>\u0412\u044b \u043c\u043e\u0436\u0435\u0442\u0435 \u043f\u043e\u043b\u0443\u0447\u0438\u0442\u044c \u0442\u0435\u043b\u0435\u0444\u043e\u043d\u043d\u0443\u044e \u043a\u043e\u043d\u0441\u0443\u043b\u044c\u0442\u0430\u0446\u0438\u044e \u0438 \u043f\u043e\u0434\u0434\u0435\u0440\u0436\u043a\u0443 \u043d\u0430 \u043b\u0438\u043d\u0438\u0438 \u043f\u043e\u043c\u043e\u0449\u0438 \u043f\u043e \u0432\u043e\u043f\u0440\u043e\u0441\u0430\u043c \u201e\u043d\u0430\u0441\u0438\u043b\u0438\u044f \u0432 \u043e\u0442\u043d\u043e\u0448\u0435\u043d\u0438\u0438 \u0436\u0435\u043d\u0449\u0438\u043d\u201c <a href=\"https:\/\/www.hilfetelefon.de\/das-hilfetelefon\/beratung\/beratung-in-18-sprachen.html\">\u043d\u0430 18 \u0440\u0430\u0437\u043d\u044b\u0445 \u044f\u0437\u044b\u043a\u0430\u0445<\/a> \u0432 \u043b\u044e\u0431\u043e\u0435 \u0432\u0440\u0435\u043c\u044f \u0434\u043d\u044f \u0438 \u043d\u043e\u0447\u0438.<\/p>\n<\/div>\n\n\n\n<div class=\"wp-block-uagb-tabs-child uagb-tabs__body-container uagb-inner-tab-4\" aria-labelledby=\"uagb-tabs__tab4\">\n<p>\u0412\u0438 \u043f\u043e\u0441\u0442\u0440\u0430\u0436\u0434\u0430\u043b\u0438 \u0432\u0456\u0434 \u043d\u0430\u0441\u0438\u043b\u044c\u0441\u0442\u0432\u0430 \u0456 \u043f\u043e\u0442\u0440\u0435\u0431\u0443\u0454\u0442\u0435 \u043f\u0456\u0434\u0442\u0440\u0438\u043c\u043a\u0438?<br>\u0423 \u0433\u043e\u0441\u0442\u0440\u0456\u0439 \u0441\u0438\u0442\u0443\u0430\u0446\u0456\u0457 \u043d\u0435 \u0437\u0432\u043e\u043b\u0456\u043a\u0430\u0439\u0442\u0435 \u0437\u0456 \u0437\u0432\u0435\u0440\u043d\u0435\u043d\u043d\u044f\u043c \u0434\u043e \u043f\u043e\u043b\u0456\u0446\u0456\u0457.<\/p>\n\n\n\n<p>\u0412\u0438 \u043c\u043e\u0436\u0435\u0442\u0435 \u043e\u0442\u0440\u0438\u043c\u0430\u0442\u0438 \u043a\u043e\u043d\u0441\u0443\u043b\u044c\u0442\u0430\u0446\u0456\u044e \u0442\u0430 \u043f\u0456\u0434\u0442\u0440\u0438\u043c\u043a\u0443 \u043f\u043e \u0442\u0435\u043b\u0435\u0444\u043e\u043d\u0443 \u043d\u0430 \u0433\u0430\u0440\u044f\u0447\u0456\u0439 \u043b\u0456\u043d\u0456\u0457 \u00ab\u041d\u0430\u0441\u0438\u043b\u044c\u0441\u0442\u0432\u043e \u043d\u0430\u0434 \u0436\u0456\u043d\u043a\u0430\u043c\u0438\u00bb <a href=\"https:\/\/www.hilfetelefon.de\/das-hilfetelefon\/beratung\/beratung-in-18-sprachen.html\">18 \u0440\u0456\u0437\u043d\u0438\u043c\u0438 \u043c\u043e\u0432\u0430\u043c\u0438<\/a> \u0432 \u0431\u0443\u0434\u044c-\u044f\u043a\u0438\u0439 \u0447\u0430\u0441 \u0434\u043d\u044f \u0456 \u043d\u043e\u0447\u0456.<\/p>\n<\/div>\n\n\n\n<div class=\"wp-block-uagb-tabs-child uagb-tabs__body-container uagb-inner-tab-5\" aria-labelledby=\"uagb-tabs__tab5\">\n<p class=\"has-text-align-right\"><bdo lang=\"\" dir=\"rtl\">\u0647\u0644 \u0627\u0646\u062a \u0645\u062a\u0636\u0631\u0631\u0629 \u0645\u0646 \u0627\u0644\u0639\u0646\u0641 \u0648\u062a\u062d\u062a\u0627\u062c\u064a \u0627\u0644\u0649 \u062f\u0639\u0645 \u061f&nbsp;<\/bdo><\/p>\n\n\n\n<p class=\"has-text-align-right\"><bdo lang=\"\" dir=\"rtl\">\u0641\u064a \u0627\u0644\u062d\u0627\u0644\u0627\u062a \u0627\u0644\u062d\u0627\u062f\u0629 \u064a\u062c\u0628 \u0627\u0644\u0627 \u062a\u062a\u0631\u062f\u062f\u064a \u0641\u064a \u0627\u0644\u0627\u062a\u0635\u0627\u0644 \u0628\u0627\u0644\u0634\u0631\u0637\u0629<\/bdo><\/p>\n\n\n\n<p class=\"has-text-align-right\"><bdo lang=\"\" dir=\"rtl\">\u0641\u064a \u0627\u064a \u0648\u0642\u062a \u0645\u0646 \u0627\u0644\u0646\u0647\u0627\u0631 \u0648\u0627\u0644\u0644\u064a\u0644 \u0648\u064a\u0645\u0643\u0646\u0643 \u0627\u0644\u0627\u0633\u062a\u0641\u0627\u062f\u0629 \u0627\u064a\u0636\u0627 \u0645\u0646 \u0627\u0644\u0645\u0634\u0648\u0631\u0629 \u0627\u0644\u0647\u0627\u062a\u0641\u064a\u0629 \u0648\u0627\u0644\u062d\u0635\u0648\u0644 \u0639\u0644\u0649 \u0627\u0644\u062f\u0639\u0645 \u0639\u0628\u0631 \u0627\u0644\u0647\u0627\u062a\u0641 \u0639\u0646\u062f&nbsp;<\/bdo><\/p>\n\n\n\n<p class=\"has-text-align-right\"><bdo lang=\"\" dir=\"rtl\">&#8220; \u0627\u0644\u0639\u0646\u0641 \u0636\u062f \u0627\u0644\u0645\u0631<a href=\"https:\/\/www.hilfetelefon.de\/das-hilfetelefon\/beratung\/beratung-in-18-sprachen.html\">\u0623\u0629 &#8220; \u0628 \u0661\u0668<\/a> \u0644\u063a\u0629 \u0645\u062e\u062a\u0644\u0641\u0629.&nbsp;<\/bdo><\/p>\n<\/div>\n\n\n\n<div class=\"wp-block-uagb-tabs-child uagb-tabs__body-container uagb-inner-tab-6\" aria-labelledby=\"uagb-tabs__tab6\">\n<p class=\"has-text-align-right\"><bdo lang=\"\" dir=\"rtl\">\u0622\u06cc\u0627 \u062a\u062d\u062a \u062a\u0623\u062b\u06cc\u0631 \u062e\u0634\u0648\u0646\u062a \u0642\u0631\u0627\u0631 \u06af\u0631\u0641\u062a\u0647 \u0627\u06cc\u062f \u0648 \u0646\u06cc\u0627\u0632 \u0628\u0647 \u062d\u0645\u0627\u06cc\u062a \u062f\u0627\u0631\u06cc\u062f\u061f<\/bdo><\/p>\n\n\n\n<p class=\"has-text-align-right\"><bdo lang=\"\" dir=\"rtl\">\u062f\u0631 \u0634\u0631\u0627\u06cc\u0637 \u062d\u0627\u062f\u060c \u0646\u0628\u0627\u06cc\u062f \u062f\u0631 \u062a\u0645\u0627\u0633 \u0628\u0627 \u067e\u0644\u06cc\u0633 \u062a\u0631\u062f\u06cc\u062f \u06a9\u0646\u06cc\u062f.<\/bdo><\/p>\n\n\n\n<p class=\"has-text-align-right\"><bdo lang=\"\" dir=\"rtl\">\u0634\u0645\u0627 \u0645\u06cc \u062a\u0648\u0627\u0646\u06cc\u062f \u0645\u0634\u0627\u0648\u0631\u0647 \u0648 \u067e\u0634\u062a\u06cc\u0628\u0627\u0646\u06cc \u062a\u0644\u0641\u0646\u06cc \u0631\u0627 \u0627\u0632 \u062e\u0637 \u06a9\u0645\u06a9 &#8222;\u062e\u0634\u0648\u0646\u062a \u0639\u0644\u06cc\u0647 \u0632\u0646\u0627\u0646&#8220; <a href=\"https:\/\/www.hilfetelefon.de\/das-hilfetelefon\/beratung\/beratung-in-18-sprachen.html\">\u0628\u0647 18 \u0632\u0628\u0627\u0646 \u0645\u062e\u062a\u0644\u0641<\/a> \u062f\u0631 \u0647\u0631 \u0632\u0645\u0627\u0646\u06cc \u0627\u0632 \u0634\u0628\u0627\u0646\u0647 \u0631\u0648\u0632 \u062f\u0631\u06cc\u0627\u0641\u062a \u06a9\u0646\u06cc\u062f.<\/bdo><\/p>\n<\/div>\n\n\n\n<div class=\"wp-block-uagb-tabs-child uagb-tabs__body-container uagb-inner-tab-7\" aria-labelledby=\"uagb-tabs__tab7\">\n<p>\u1265\u12d3\u1218\u133d \u1275\u133d\u120e\u1295 \u12f0\u1308\u134d \u12e8\u12f5\u120d\u12e8\u12ab\u1295 \u12f5\u12e9?<\/p>\n\n\n\n<p>\u12a3\u1265 \u133d\u12d1\u1255 \u12a9\u1290\u1273\u1275\u1361 \u1295\u1356\u120a\u1235 \u12ab\u1265 \u121d\u122d\u12ab\u1265 \u12f5\u1215\u122d \u12ad\u1275\u1265\u120d \u12e8\u1265\u120d\u12ab\u1295\u1362<\/p>\n\n\n\n<p>\u12ab\u1265 \u201c\u12d3\u1218\u133d \u12a3\u1265 \u120d\u12d5\u120a \u12f0\u1242 \u12a3\u1295\u1235\u1275\u12ee\u201d \u12dd\u1265\u120d \u1293\u12ed \u1213\u1308\u12dd \u1218\u1235\u1218\u122d \u126518 \u12dd\u1270\u1348\u120b\u1208\u12e8 \u124b\u1295\u124b\u1273\u1275 \u12a3\u1265 \u12dd\u12be\u1290 \u1230\u12d3\u1275 \u1293\u12ed \u1218\u12d3\u120d\u1272 \u12ed\u12b9\u1295 \u1208\u12ed\u1272 \u1265\u1270\u120c\u134e\u1295 \u121d\u12bd\u122d\u1295 \u12f0\u1308\u134d\u1295 \u12ad\u1275\u1228\u12bd\u1261 \u1275\u12bd\u12a5\u1209 \u12a2\u12b9\u121d\u1362<\/p>\n<\/div>\n<\/div><\/div>\n<\/div><\/div>\n","protected":false},"excerpt":{"rendered":"<p>Du bist von Gewalt betroffen und ben\u00f6tigst Unterst\u00fctzung? In Akutsituationen solltest Du nicht z\u00f6gern die Polizei zu kontaktieren. Zu jeder Tages- und Nachtzeit kannst Du telefonische Beratung und Unterst\u00fctzung beim [&hellip;]<\/p>\n","protected":false},"author":1,"featured_media":0,"parent":0,"menu_order":0,"comment_status":"closed","ping_status":"closed","template":"","meta":{"_uag_custom_page_level_css":"","site-sidebar-layout":"default","site-content-layout":"","ast-site-content-layout":"default","site-content-style":"default","site-sidebar-style":"default","ast-global-header-display":"","ast-banner-title-visibility":"","ast-main-header-display":"","ast-hfb-above-header-display":"","ast-hfb-below-header-display":"","ast-hfb-mobile-header-display":"","site-post-title":"disabled","ast-breadcrumbs-content":"","ast-featured-img":"","footer-sml-layout":"","ast-disable-related-posts":"","theme-transparent-header-meta":"","adv-header-id-meta":"","stick-header-meta":"","header-above-stick-meta":"","header-main-stick-meta":"","header-below-stick-meta":"","astra-migrate-meta-layouts":"","ast-page-background-enabled":"default","ast-page-background-meta":{"desktop":{"background-color":"var(--ast-global-color-4)","background-image":"","background-repeat":"repeat","background-position":"center center","background-size":"auto","background-attachment":"scroll","background-type":"","background-media":"","overlay-type":"","overlay-color":"","overlay-opacity":"","overlay-gradient":""},"tablet":{"background-color":"","background-image":"","background-repeat":"repeat","background-position":"center center","background-size":"auto","background-attachment":"scroll","background-type":"","background-media":"","overlay-type":"","overlay-color":"","overlay-opacity":"","overlay-gradient":""},"mobile":{"background-color":"","background-image":"","background-repeat":"repeat","background-position":"center center","background-size":"auto","background-attachment":"scroll","background-type":"","background-media":"","overlay-type":"","overlay-color":"","overlay-opacity":"","overlay-gradient":""}},"ast-content-background-meta":{"desktop":{"background-color":"var(--ast-global-color-5)","background-image":"","background-repeat":"repeat","background-position":"center center","background-size":"auto","background-attachment":"scroll","background-type":"","background-media":"","overlay-type":"","overlay-color":"","overlay-opacity":"","overlay-gradient":""},"tablet":{"background-color":"var(--ast-global-color-5)","background-image":"","background-repeat":"repeat","background-position":"center center","background-size":"auto","background-attachment":"scroll","background-type":"","background-media":"","overlay-type":"","overlay-color":"","overlay-opacity":"","overlay-gradient":""},"mobile":{"background-color":"var(--ast-global-color-5)","background-image":"","background-repeat":"repeat","background-position":"center center","background-size":"auto","background-attachment":"scroll","background-type":"","background-media":"","overlay-type":"","overlay-color":"","overlay-opacity":"","overlay-gradient":""}},"_themeisle_gutenberg_block_has_review":false,"footnotes":""},"class_list":["post-414","page","type-page","status-publish","hentry"],"uagb_featured_image_src":{"full":false,"thumbnail":false,"medium":false,"medium_large":false,"large":false,"1536x1536":false,"2048x2048":false},"uagb_author_info":{"display_name":"mcicom23","author_link":"https:\/\/ufv-halberstadt.de\/2023\/author\/mcicom23\/"},"uagb_comment_info":0,"uagb_excerpt":"Du bist von Gewalt betroffen und ben\u00f6tigst Unterst\u00fctzung? In Akutsituationen solltest Du nicht z\u00f6gern die Polizei zu kontaktieren. Zu jeder Tages- und Nachtzeit kannst Du telefonische Beratung und Unterst\u00fctzung beim [&hellip;]","_links":{"self":[{"href":"https:\/\/ufv-halberstadt.de\/2023\/wp-json\/wp\/v2\/pages\/414","targetHints":{"allow":["GET"]}}],"collection":[{"href":"https:\/\/ufv-halberstadt.de\/2023\/wp-json\/wp\/v2\/pages"}],"about":[{"href":"https:\/\/ufv-halberstadt.de\/2023\/wp-json\/wp\/v2\/types\/page"}],"author":[{"embeddable":true,"href":"https:\/\/ufv-halberstadt.de\/2023\/wp-json\/wp\/v2\/users\/1"}],"replies":[{"embeddable":true,"href":"https:\/\/ufv-halberstadt.de\/2023\/wp-json\/wp\/v2\/comments?post=414"}],"version-history":[{"count":10,"href":"https:\/\/ufv-halberstadt.de\/2023\/wp-json\/wp\/v2\/pages\/414\/revisions"}],"predecessor-version":[{"id":1249,"href":"https:\/\/ufv-halberstadt.de\/2023\/wp-json\/wp\/v2\/pages\/414\/revisions\/1249"}],"wp:attachment":[{"href":"https:\/\/ufv-halberstadt.de\/2023\/wp-json\/wp\/v2\/media?parent=414"}],"curies":[{"name":"wp","href":"https:\/\/api.w.org\/{rel}","templated":true}]}}