{"id":1310,"date":"2024-03-20T11:15:37","date_gmt":"2024-03-20T10:15:37","guid":{"rendered":"https:\/\/ufv-halberstadt.de\/2023\/?post_type=tribe_events&#038;p=1310"},"modified":"2024-03-20T11:15:37","modified_gmt":"2024-03-20T10:15:37","slug":"dem-gleich-fehlt-die-trauer-lesung","status":"publish","type":"tribe_events","link":"https:\/\/ufv-halberstadt.de\/2023\/event\/dem-gleich-fehlt-die-trauer-lesung\/","title":{"rendered":"&#8222;Dem Gleich fehlt die Trauer&#8220; &#8211; Lesung"},"content":{"rendered":"<p>Erinnerungen an den Luftangriff am 08.04.1945 auf Halberstadt und seine Folgen.<\/p>\n<p>Am 8. April 1945 wurde die Stadt Halberstadt im Zweiten Weltkrieg durch alliierte Luftangriffe schwer bombardiert, wobei gro\u00dfe Teile der Stadt zerst\u00f6rt wurden. Nach dem Krieg waren es vor allem die Tr\u00fcmmerfrauen, die ma\u00dfgeblich am Wiederaufbau der Stadt beteiligt waren und ihr Leben in den Tr\u00fcmmern riskierten.<\/p>\n","protected":false},"excerpt":{"rendered":"<p>Erinnerungen an den Luftangriff am 08.04.1945 auf Halberstadt und seine Folgen. Am 8. April 1945 wurde die Stadt Halberstadt im Zweiten Weltkrieg durch alliierte Luftangriffe schwer bombardiert, wobei gro\u00dfe Teile [&hellip;]<\/p>\n","protected":false},"author":2,"featured_media":0,"template":"","meta":{"_uag_custom_page_level_css":"","site-sidebar-layout":"default","site-content-layout":"","ast-site-content-layout":"default","site-content-style":"default","site-sidebar-style":"default","ast-global-header-display":"","ast-banner-title-visibility":"","ast-main-header-display":"","ast-hfb-above-header-display":"","ast-hfb-below-header-display":"","ast-hfb-mobile-header-display":"","site-post-title":"","ast-breadcrumbs-content":"","ast-featured-img":"","footer-sml-layout":"","ast-disable-related-posts":"","theme-transparent-header-meta":"default","adv-header-id-meta":"","stick-header-meta":"","header-above-stick-meta":"","header-main-stick-meta":"","header-below-stick-meta":"","astra-migrate-meta-layouts":"set","ast-page-background-enabled":"default","ast-page-background-meta":{"desktop":{"background-color":"var(--ast-global-color-4)","background-image":"","background-repeat":"repeat","background-position":"center center","background-size":"auto","background-attachment":"scroll","background-type":"","background-media":"","overlay-type":"","overlay-color":"","overlay-opacity":"","overlay-gradient":""},"tablet":{"background-color":"","background-image":"","background-repeat":"repeat","background-position":"center center","background-size":"auto","background-attachment":"scroll","background-type":"","background-media":"","overlay-type":"","overlay-color":"","overlay-opacity":"","overlay-gradient":""},"mobile":{"background-color":"","background-image":"","background-repeat":"repeat","background-position":"center center","background-size":"auto","background-attachment":"scroll","background-type":"","background-media":"","overlay-type":"","overlay-color":"","overlay-opacity":"","overlay-gradient":""}},"ast-content-background-meta":{"desktop":{"background-color":"var(--ast-global-color-5)","background-image":"","background-repeat":"repeat","background-position":"center center","background-size":"auto","background-attachment":"scroll","background-type":"","background-media":"","overlay-type":"","overlay-color":"","overlay-opacity":"","overlay-gradient":""},"tablet":{"background-color":"var(--ast-global-color-5)","background-image":"","background-repeat":"repeat","background-position":"center center","background-size":"auto","background-attachment":"scroll","background-type":"","background-media":"","overlay-type":"","overlay-color":"","overlay-opacity":"","overlay-gradient":""},"mobile":{"background-color":"var(--ast-global-color-5)","background-image":"","background-repeat":"repeat","background-position":"center center","background-size":"auto","background-attachment":"scroll","background-type":"","background-media":"","overlay-type":"","overlay-color":"","overlay-opacity":"","overlay-gradient":""}},"_themeisle_gutenberg_block_has_review":false,"_tribe_events_status":"","_tribe_events_status_reason":"","footnotes":""},"tags":[],"tribe_events_cat":[],"class_list":["post-1310","tribe_events","type-tribe_events","status-publish","hentry"],"uagb_featured_image_src":{"full":false,"thumbnail":false,"medium":false,"medium_large":false,"large":false,"1536x1536":false,"2048x2048":false},"uagb_author_info":{"display_name":"ufv-lilith","author_link":"https:\/\/ufv-halberstadt.de\/2023\/author\/ufv-lilith\/"},"uagb_comment_info":0,"uagb_excerpt":"Erinnerungen an den Luftangriff am 08.04.1945 auf Halberstadt und seine Folgen. Am 8. April 1945 wurde die Stadt Halberstadt im Zweiten Weltkrieg durch alliierte Luftangriffe schwer bombardiert, wobei gro\u00dfe Teile [&hellip;]","_links":{"self":[{"href":"https:\/\/ufv-halberstadt.de\/2023\/wp-json\/wp\/v2\/tribe_events\/1310","targetHints":{"allow":["GET"]}}],"collection":[{"href":"https:\/\/ufv-halberstadt.de\/2023\/wp-json\/wp\/v2\/tribe_events"}],"about":[{"href":"https:\/\/ufv-halberstadt.de\/2023\/wp-json\/wp\/v2\/types\/tribe_events"}],"author":[{"embeddable":true,"href":"https:\/\/ufv-halberstadt.de\/2023\/wp-json\/wp\/v2\/users\/2"}],"version-history":[{"count":1,"href":"https:\/\/ufv-halberstadt.de\/2023\/wp-json\/wp\/v2\/tribe_events\/1310\/revisions"}],"predecessor-version":[{"id":1311,"href":"https:\/\/ufv-halberstadt.de\/2023\/wp-json\/wp\/v2\/tribe_events\/1310\/revisions\/1311"}],"wp:attachment":[{"href":"https:\/\/ufv-halberstadt.de\/2023\/wp-json\/wp\/v2\/media?parent=1310"}],"wp:term":[{"taxonomy":"post_tag","embeddable":true,"href":"https:\/\/ufv-halberstadt.de\/2023\/wp-json\/wp\/v2\/tags?post=1310"},{"taxonomy":"tribe_events_cat","embeddable":true,"href":"https:\/\/ufv-halberstadt.de\/2023\/wp-json\/wp\/v2\/tribe_events_cat?post=1310"}],"curies":[{"name":"wp","href":"https:\/\/api.w.org\/{rel}","templated":true}]}}

<p>Erinnerungen an den Luftangriff am 08.04.1945 auf Halberstadt und seine Folgen.</p>
<p>Am 8. April 1945 wurde die Stadt Halberstadt im Zweiten Weltkrieg durch alliierte Luftangriffe schwer bombardiert, wobei große Teile der Stadt zerstört wurden. Nach dem Krieg waren es vor allem die Trümmerfrauen, die maßgeblich am Wiederaufbau der Stadt beteiligt waren und ihr Leben in den Trümmern riskierten.</p>

<p>Erinnerungen an den Luftangriff am 08.04.1945 auf Halberstadt und seine Folgen. Am 8. April 1945 wurde die Stadt Halberstadt im Zweiten Weltkrieg durch alliierte Luftangriffe schwer bombardiert, wobei große Teile [&hellip;]</p>

Erinnerungen an den Luftangriff am 08.04.1945 auf Halberstadt und seine Folgen. Am 8. April 1945 wurde die Stadt Halberstadt im Zweiten Weltkrieg durch alliierte Luftangriffe schwer bombardiert, wobei große Teile [&hellip;]
