{"id":1330,"date":"2024-04-22T09:52:27","date_gmt":"2024-04-22T07:52:27","guid":{"rendered":"https:\/\/ufv-halberstadt.de\/2023\/?post_type=tribe_events&#038;p=1330"},"modified":"2024-04-22T09:52:27","modified_gmt":"2024-04-22T07:52:27","slug":"berufliche-orientierung-fuer-frauen","status":"publish","type":"tribe_events","link":"https:\/\/ufv-halberstadt.de\/2023\/event\/berufliche-orientierung-fuer-frauen\/","title":{"rendered":"Berufliche Orientierung f\u00fcr Frauen"},"content":{"rendered":"<div id=\"copy_659\" class=\"markdown prose w-full break-words dark:prose-invert dark system_write\">\n<p>Die berufliche Orientierung f\u00fcr Frauen ist heute vielf\u00e4ltiger denn je. Es ist wichtig, dass Frauen die M\u00f6glichkeit haben, ihre Interessen, F\u00e4higkeiten und St\u00e4rken zu erkennen und entsprechend in ihre berufliche Laufbahn einzubringen, um langfristig zufriedenstellende und erf\u00fcllende Arbeitsverh\u00e4ltnisse zu finden. Frauen mit Kindern stehen oft vor der Herausforderung, Familie und Beruf miteinander zu vereinbaren, da die Vereinbarkeit von Kinderbetreuung und Arbeitszeiten h\u00e4ufig schwierig ist. Durch gezielte Unterst\u00fctzungsangebote, Mentoring-Programme und Chancengleichheitsma\u00dfnahmen k\u00f6nnen Frauen dabei unterst\u00fctzt werden, ihre berufliche Orientierung aktiv zu gestalten und erfolgreich in der Arbeitswelt Fu\u00df zu fassen.<\/p>\n<\/div>\n","protected":false},"excerpt":{"rendered":"<p>Die berufliche Orientierung f\u00fcr Frauen ist heute vielf\u00e4ltiger denn je. Es ist wichtig, dass Frauen die M\u00f6glichkeit haben, ihre Interessen, F\u00e4higkeiten und St\u00e4rken zu erkennen und entsprechend in ihre berufliche [&hellip;]<\/p>\n","protected":false},"author":2,"featured_media":0,"template":"","meta":{"_uag_custom_page_level_css":"","site-sidebar-layout":"default","site-content-layout":"","ast-site-content-layout":"default","site-content-style":"default","site-sidebar-style":"default","ast-global-header-display":"","ast-banner-title-visibility":"","ast-main-header-display":"","ast-hfb-above-header-display":"","ast-hfb-below-header-display":"","ast-hfb-mobile-header-display":"","site-post-title":"","ast-breadcrumbs-content":"","ast-featured-img":"","footer-sml-layout":"","ast-disable-related-posts":"","theme-transparent-header-meta":"default","adv-header-id-meta":"","stick-header-meta":"","header-above-stick-meta":"","header-main-stick-meta":"","header-below-stick-meta":"","astra-migrate-meta-layouts":"set","ast-page-background-enabled":"default","ast-page-background-meta":{"desktop":{"background-color":"var(--ast-global-color-4)","background-image":"","background-repeat":"repeat","background-position":"center center","background-size":"auto","background-attachment":"scroll","background-type":"","background-media":"","overlay-type":"","overlay-color":"","overlay-opacity":"","overlay-gradient":""},"tablet":{"background-color":"","background-image":"","background-repeat":"repeat","background-position":"center center","background-size":"auto","background-attachment":"scroll","background-type":"","background-media":"","overlay-type":"","overlay-color":"","overlay-opacity":"","overlay-gradient":""},"mobile":{"background-color":"","background-image":"","background-repeat":"repeat","background-position":"center center","background-size":"auto","background-attachment":"scroll","background-type":"","background-media":"","overlay-type":"","overlay-color":"","overlay-opacity":"","overlay-gradient":""}},"ast-content-background-meta":{"desktop":{"background-color":"var(--ast-global-color-5)","background-image":"","background-repeat":"repeat","background-position":"center center","background-size":"auto","background-attachment":"scroll","background-type":"","background-media":"","overlay-type":"","overlay-color":"","overlay-opacity":"","overlay-gradient":""},"tablet":{"background-color":"var(--ast-global-color-5)","background-image":"","background-repeat":"repeat","background-position":"center center","background-size":"auto","background-attachment":"scroll","background-type":"","background-media":"","overlay-type":"","overlay-color":"","overlay-opacity":"","overlay-gradient":""},"mobile":{"background-color":"var(--ast-global-color-5)","background-image":"","background-repeat":"repeat","background-position":"center center","background-size":"auto","background-attachment":"scroll","background-type":"","background-media":"","overlay-type":"","overlay-color":"","overlay-opacity":"","overlay-gradient":""}},"_themeisle_gutenberg_block_has_review":false,"_tribe_events_status":"","_tribe_events_status_reason":"","footnotes":""},"tags":[],"tribe_events_cat":[],"class_list":["post-1330","tribe_events","type-tribe_events","status-publish","hentry"],"uagb_featured_image_src":{"full":false,"thumbnail":false,"medium":false,"medium_large":false,"large":false,"1536x1536":false,"2048x2048":false},"uagb_author_info":{"display_name":"ufv-lilith","author_link":"https:\/\/ufv-halberstadt.de\/2023\/author\/ufv-lilith\/"},"uagb_comment_info":0,"uagb_excerpt":"Die berufliche Orientierung f\u00fcr Frauen ist heute vielf\u00e4ltiger denn je. Es ist wichtig, dass Frauen die M\u00f6glichkeit haben, ihre Interessen, F\u00e4higkeiten und St\u00e4rken zu erkennen und entsprechend in ihre berufliche [&hellip;]","_links":{"self":[{"href":"https:\/\/ufv-halberstadt.de\/2023\/wp-json\/wp\/v2\/tribe_events\/1330","targetHints":{"allow":["GET"]}}],"collection":[{"href":"https:\/\/ufv-halberstadt.de\/2023\/wp-json\/wp\/v2\/tribe_events"}],"about":[{"href":"https:\/\/ufv-halberstadt.de\/2023\/wp-json\/wp\/v2\/types\/tribe_events"}],"author":[{"embeddable":true,"href":"https:\/\/ufv-halberstadt.de\/2023\/wp-json\/wp\/v2\/users\/2"}],"version-history":[{"count":1,"href":"https:\/\/ufv-halberstadt.de\/2023\/wp-json\/wp\/v2\/tribe_events\/1330\/revisions"}],"predecessor-version":[{"id":1331,"href":"https:\/\/ufv-halberstadt.de\/2023\/wp-json\/wp\/v2\/tribe_events\/1330\/revisions\/1331"}],"wp:attachment":[{"href":"https:\/\/ufv-halberstadt.de\/2023\/wp-json\/wp\/v2\/media?parent=1330"}],"wp:term":[{"taxonomy":"post_tag","embeddable":true,"href":"https:\/\/ufv-halberstadt.de\/2023\/wp-json\/wp\/v2\/tags?post=1330"},{"taxonomy":"tribe_events_cat","embeddable":true,"href":"https:\/\/ufv-halberstadt.de\/2023\/wp-json\/wp\/v2\/tribe_events_cat?post=1330"}],"curies":[{"name":"wp","href":"https:\/\/api.w.org\/{rel}","templated":true}]}}

Berufliche Orientierung für Frauen

<div id="copy_659" class="markdown prose w-full break-words dark:prose-invert dark system_write">
<p>Die berufliche Orientierung für Frauen ist heute vielfältiger denn je. Es ist wichtig, dass Frauen die Möglichkeit haben, ihre Interessen, Fähigkeiten und Stärken zu erkennen und entsprechend in ihre berufliche Laufbahn einzubringen, um langfristig zufriedenstellende und erfüllende Arbeitsverhältnisse zu finden. Frauen mit Kindern stehen oft vor der Herausforderung, Familie und Beruf miteinander zu vereinbaren, da die Vereinbarkeit von Kinderbetreuung und Arbeitszeiten häufig schwierig ist. Durch gezielte Unterstützungsangebote, Mentoring-Programme und Chancengleichheitsmaßnahmen können Frauen dabei unterstützt werden, ihre berufliche Orientierung aktiv zu gestalten und erfolgreich in der Arbeitswelt Fuß zu fassen.</p>
</div>

<p>Die berufliche Orientierung für Frauen ist heute vielfältiger denn je. Es ist wichtig, dass Frauen die Möglichkeit haben, ihre Interessen, Fähigkeiten und Stärken zu erkennen und entsprechend in ihre berufliche [&hellip;]</p>

Die berufliche Orientierung für Frauen ist heute vielfältiger denn je. Es ist wichtig, dass Frauen die Möglichkeit haben, ihre Interessen, Fähigkeiten und Stärken zu erkennen und entsprechend in ihre berufliche [&hellip;]
