{"id":1377,"date":"2024-08-14T11:26:55","date_gmt":"2024-08-14T09:26:55","guid":{"rendered":"https:\/\/ufv-halberstadt.de\/2023\/?post_type=tribe_events&#038;p=1377"},"modified":"2024-08-14T11:26:55","modified_gmt":"2024-08-14T09:26:55","slug":"einfach-lesen-zum-weltalphabetisierungstag","status":"publish","type":"tribe_events","link":"https:\/\/ufv-halberstadt.de\/2023\/event\/einfach-lesen-zum-weltalphabetisierungstag\/","title":{"rendered":"Einfach lesen! zum Weltalphabetisierungstag"},"content":{"rendered":"<p>Welt\u00b7alphabetisierungs\u00b7tag ist der Name von einem Aktions\u00b7tag. Der Tag soll daran erinnern, dass viele Menschen nicht richtig lesen und schreiben k\u00f6nnen. Der Tag ist jedes Jahr am 8. September. Den Tag gibt es seit dem Jahr 1966. Zu Menschen die nicht richtig lesen und schreiben k\u00f6nnen, sagen manche Analphabeten. Auf der Welt gibt es \u00fcber 750 Millionen Erwachsene Analphabeten. In Deutschland gibt es ungef\u00e4hr 6,2 Millionen Analphabeten.<\/p>\n<p>(Auszug aus dem Hurraki W\u00f6rterbuch f\u00fcr leichte Sprache <a href=\"https:\/\/hurraki.de\/wiki\/Hauptseite?fbclid=IwZXh0bgNhZW0CMTAAAR0q2_tS8ZUt00qwiDrGFs4jYg2wk7Rp1pkvNEaLDwEOSuhXjkfPpNMtL4c_aem_0D0P5YzcV1Q15q-69jwOaw\">https:\/\/hurraki.de\/wiki\/Hauptseite<\/a>)<\/p>\n<p>&nbsp;<\/p>\n<p>Dann kommt das Angebot der L\u00e4ndlichen Erwachsenenbildung gerade recht. Am Dienstag, 10. September um 14:30 Uhr erh\u00e4lt das Frauenzentrum Lilith eine Auswahl an B\u00fcchern in Einfacher Sprache. Dieses ist der Beginn einer kleinen Bibliothek in Einfacher Sprache. B\u00fccher in Einfacher Sprache k\u00f6nnen u.a. Menschen gut lesen und verstehen, die am Beginn des Leseerwerbs stehen, die Deutsch als Fremdsprache lernen und Menschen, die ihre F\u00e4higkeiten trainieren m\u00f6chten. Dass diese B\u00fccher nicht \u201esimpel\u201c oder \u201elangweilig\u201c sind, erfahren Sie bei einer Lesung aus dem spannenden Buch \u00fcber Sherlock Holmes: Das gesprenkelte Band.<\/p>\n<p>Die Aktion erfolgt im Rahmen des Projektes \u201eLeichte und Einfache Sprache in der Vereinswelt (Pro Lingua)\u201c und wird von der EU und dem Land Sachsen-Anhalt kofinanziert.<\/p>\n<p>&nbsp;<\/p>\n","protected":false},"excerpt":{"rendered":"<p>Welt\u00b7alphabetisierungs\u00b7tag ist der Name von einem Aktions\u00b7tag. Der Tag soll daran erinnern, dass viele Menschen nicht richtig lesen und schreiben k\u00f6nnen. Der Tag ist jedes Jahr am 8. September. Den [&hellip;]<\/p>\n","protected":false},"author":2,"featured_media":0,"template":"","meta":{"_uag_custom_page_level_css":"","site-sidebar-layout":"default","site-content-layout":"","ast-site-content-layout":"default","site-content-style":"default","site-sidebar-style":"default","ast-global-header-display":"","ast-banner-title-visibility":"","ast-main-header-display":"","ast-hfb-above-header-display":"","ast-hfb-below-header-display":"","ast-hfb-mobile-header-display":"","site-post-title":"","ast-breadcrumbs-content":"","ast-featured-img":"","footer-sml-layout":"","ast-disable-related-posts":"","theme-transparent-header-meta":"default","adv-header-id-meta":"","stick-header-meta":"","header-above-stick-meta":"","header-main-stick-meta":"","header-below-stick-meta":"","astra-migrate-meta-layouts":"set","ast-page-background-enabled":"default","ast-page-background-meta":{"desktop":{"background-color":"var(--ast-global-color-4)","background-image":"","background-repeat":"repeat","background-position":"center center","background-size":"auto","background-attachment":"scroll","background-type":"","background-media":"","overlay-type":"","overlay-color":"","overlay-opacity":"","overlay-gradient":""},"tablet":{"background-color":"","background-image":"","background-repeat":"repeat","background-position":"center center","background-size":"auto","background-attachment":"scroll","background-type":"","background-media":"","overlay-type":"","overlay-color":"","overlay-opacity":"","overlay-gradient":""},"mobile":{"background-color":"","background-image":"","background-repeat":"repeat","background-position":"center center","background-size":"auto","background-attachment":"scroll","background-type":"","background-media":"","overlay-type":"","overlay-color":"","overlay-opacity":"","overlay-gradient":""}},"ast-content-background-meta":{"desktop":{"background-color":"var(--ast-global-color-5)","background-image":"","background-repeat":"repeat","background-position":"center center","background-size":"auto","background-attachment":"scroll","background-type":"","background-media":"","overlay-type":"","overlay-color":"","overlay-opacity":"","overlay-gradient":""},"tablet":{"background-color":"var(--ast-global-color-5)","background-image":"","background-repeat":"repeat","background-position":"center center","background-size":"auto","background-attachment":"scroll","background-type":"","background-media":"","overlay-type":"","overlay-color":"","overlay-opacity":"","overlay-gradient":""},"mobile":{"background-color":"var(--ast-global-color-5)","background-image":"","background-repeat":"repeat","background-position":"center center","background-size":"auto","background-attachment":"scroll","background-type":"","background-media":"","overlay-type":"","overlay-color":"","overlay-opacity":"","overlay-gradient":""}},"_themeisle_gutenberg_block_has_review":false,"_tribe_events_status":"","_tribe_events_status_reason":"","footnotes":""},"tags":[],"tribe_events_cat":[],"class_list":["post-1377","tribe_events","type-tribe_events","status-publish","hentry"],"uagb_featured_image_src":{"full":false,"thumbnail":false,"medium":false,"medium_large":false,"large":false,"1536x1536":false,"2048x2048":false},"uagb_author_info":{"display_name":"ufv-lilith","author_link":"https:\/\/ufv-halberstadt.de\/2023\/author\/ufv-lilith\/"},"uagb_comment_info":0,"uagb_excerpt":"Welt\u00b7alphabetisierungs\u00b7tag ist der Name von einem Aktions\u00b7tag. Der Tag soll daran erinnern, dass viele Menschen nicht richtig lesen und schreiben k\u00f6nnen. Der Tag ist jedes Jahr am 8. September. Den [&hellip;]","_links":{"self":[{"href":"https:\/\/ufv-halberstadt.de\/2023\/wp-json\/wp\/v2\/tribe_events\/1377","targetHints":{"allow":["GET"]}}],"collection":[{"href":"https:\/\/ufv-halberstadt.de\/2023\/wp-json\/wp\/v2\/tribe_events"}],"about":[{"href":"https:\/\/ufv-halberstadt.de\/2023\/wp-json\/wp\/v2\/types\/tribe_events"}],"author":[{"embeddable":true,"href":"https:\/\/ufv-halberstadt.de\/2023\/wp-json\/wp\/v2\/users\/2"}],"version-history":[{"count":1,"href":"https:\/\/ufv-halberstadt.de\/2023\/wp-json\/wp\/v2\/tribe_events\/1377\/revisions"}],"predecessor-version":[{"id":1378,"href":"https:\/\/ufv-halberstadt.de\/2023\/wp-json\/wp\/v2\/tribe_events\/1377\/revisions\/1378"}],"wp:attachment":[{"href":"https:\/\/ufv-halberstadt.de\/2023\/wp-json\/wp\/v2\/media?parent=1377"}],"wp:term":[{"taxonomy":"post_tag","embeddable":true,"href":"https:\/\/ufv-halberstadt.de\/2023\/wp-json\/wp\/v2\/tags?post=1377"},{"taxonomy":"tribe_events_cat","embeddable":true,"href":"https:\/\/ufv-halberstadt.de\/2023\/wp-json\/wp\/v2\/tribe_events_cat?post=1377"}],"curies":[{"name":"wp","href":"https:\/\/api.w.org\/{rel}","templated":true}]}}

<p>Welt·alphabetisierungs·tag ist der Name von einem Aktions·tag. Der Tag soll daran erinnern, dass viele Menschen nicht richtig lesen und schreiben können. Der Tag ist jedes Jahr am 8. September. Den Tag gibt es seit dem Jahr 1966. Zu Menschen die nicht richtig lesen und schreiben können, sagen manche Analphabeten. Auf der Welt gibt es über 750 Millionen Erwachsene Analphabeten. In Deutschland gibt es ungefähr 6,2 Millionen Analphabeten.</p>
<p>(Auszug aus dem Hurraki Wörterbuch für leichte Sprache <a href="https://hurraki.de/wiki/Hauptseite?fbclid=IwZXh0bgNhZW0CMTAAAR0q2_tS8ZUt00qwiDrGFs4jYg2wk7Rp1pkvNEaLDwEOSuhXjkfPpNMtL4c_aem_0D0P5YzcV1Q15q-69jwOaw">https://hurraki.de/wiki/Hauptseite</a>)</p>
<p>&nbsp;</p>
<p>Dann kommt das Angebot der Ländlichen Erwachsenenbildung gerade recht. Am Dienstag, 10. September um 14:30 Uhr erhält das Frauenzentrum Lilith eine Auswahl an Büchern in Einfacher Sprache. Dieses ist der Beginn einer kleinen Bibliothek in Einfacher Sprache. Bücher in Einfacher Sprache können u.a. Menschen gut lesen und verstehen, die am Beginn des Leseerwerbs stehen, die Deutsch als Fremdsprache lernen und Menschen, die ihre Fähigkeiten trainieren möchten. Dass diese Bücher nicht „simpel“ oder „langweilig“ sind, erfahren Sie bei einer Lesung aus dem spannenden Buch über Sherlock Holmes: Das gesprenkelte Band.</p>
<p>Die Aktion erfolgt im Rahmen des Projektes „Leichte und Einfache Sprache in der Vereinswelt (Pro Lingua)“ und wird von der EU und dem Land Sachsen-Anhalt kofinanziert.</p>
<p>&nbsp;</p>

<p>Welt·alphabetisierungs·tag ist der Name von einem Aktions·tag. Der Tag soll daran erinnern, dass viele Menschen nicht richtig lesen und schreiben können. Der Tag ist jedes Jahr am 8. September. Den [&hellip;]</p>

Welt·alphabetisierungs·tag ist der Name von einem Aktions·tag. Der Tag soll daran erinnern, dass viele Menschen nicht richtig lesen und schreiben können. Der Tag ist jedes Jahr am 8. September. Den [&hellip;]
