{"id":1392,"date":"2024-09-04T09:33:38","date_gmt":"2024-09-04T07:33:38","guid":{"rendered":"https:\/\/ufv-halberstadt.de\/2023\/?post_type=tribe_events&#038;p=1392"},"modified":"2024-09-04T09:33:38","modified_gmt":"2024-09-04T07:33:38","slug":"faires-klimafruehstueck-wir-sind-dabei-fruehstuecke-mit-uns","status":"publish","type":"tribe_events","link":"https:\/\/ufv-halberstadt.de\/2023\/event\/faires-klimafruehstueck-wir-sind-dabei-fruehstuecke-mit-uns\/","title":{"rendered":"Faires Klimafr\u00fchst\u00fcck &#8211; Wir sind dabei! Fr\u00fchst\u00fccke mit uns."},"content":{"rendered":"<p><strong>Wir sind dabei!<\/strong> \u00a0<strong>Fr\u00fchst\u00fccke mit uns.<\/strong><\/p>\n<p><strong>Am Montag, den 16.September 2024 um 10:00 Uhr hier im Frauenzentrum Lilith.<\/strong><\/p>\n<p><strong>Zusammen wollen wir mit regionalen, und fair gehandelten oder selbst produzierten \u00a0Lebensmitteln fr\u00fchst\u00fccken. \u00a0<\/strong><\/p>\n<p><strong>Der Fokus der Veranstaltung liegt auf dem Thema Nachhaltigkeit, das f\u00fcr immer mehr Menschen wichtig beim Einkauf ist. Das wissen auch Unternehmen und bringen auf ihren Produkten Siegel an, die \u201e\u00f6ko\u201c, \u201ebio\u201c oder \u201efair\u201c versprechen.<\/strong><\/p>\n<p><strong>Beim gemeinsamen Essen und Austausch <\/strong><strong>lernen die Teilnehmerinnen von Referent Luis Ordo\u00f1ez (Mexiko), wie glaubw\u00fcrdig diese Aussagen sind und woran die Teilnehmerinnen erkennen, welche Produkte wirklich \u00f6kologisch und sozial nachhaltig sind.<\/strong><\/p>\n<p><strong>\u00a0<\/strong><strong>Um Voranmeldung mit dem Hinweis, was ihr mitbringt, wird gebeten im Frauenzentrum oder per Mail: veranstaltung@ufv-halberstadt.de<\/strong><\/p>\n<p><strong>\u00a0\u00a0<\/strong><\/p>\n","protected":false},"excerpt":{"rendered":"<p>Wir sind dabei! \u00a0Fr\u00fchst\u00fccke mit uns. Am Montag, den 16.September 2024 um 10:00 Uhr hier im Frauenzentrum Lilith. Zusammen wollen wir mit regionalen, und fair gehandelten oder selbst produzierten \u00a0Lebensmitteln [&hellip;]<\/p>\n","protected":false},"author":2,"featured_media":0,"template":"","meta":{"_uag_custom_page_level_css":"","site-sidebar-layout":"default","site-content-layout":"","ast-site-content-layout":"default","site-content-style":"default","site-sidebar-style":"default","ast-global-header-display":"","ast-banner-title-visibility":"","ast-main-header-display":"","ast-hfb-above-header-display":"","ast-hfb-below-header-display":"","ast-hfb-mobile-header-display":"","site-post-title":"","ast-breadcrumbs-content":"","ast-featured-img":"","footer-sml-layout":"","ast-disable-related-posts":"","theme-transparent-header-meta":"default","adv-header-id-meta":"","stick-header-meta":"","header-above-stick-meta":"","header-main-stick-meta":"","header-below-stick-meta":"","astra-migrate-meta-layouts":"set","ast-page-background-enabled":"default","ast-page-background-meta":{"desktop":{"background-color":"var(--ast-global-color-4)","background-image":"","background-repeat":"repeat","background-position":"center center","background-size":"auto","background-attachment":"scroll","background-type":"","background-media":"","overlay-type":"","overlay-color":"","overlay-opacity":"","overlay-gradient":""},"tablet":{"background-color":"","background-image":"","background-repeat":"repeat","background-position":"center center","background-size":"auto","background-attachment":"scroll","background-type":"","background-media":"","overlay-type":"","overlay-color":"","overlay-opacity":"","overlay-gradient":""},"mobile":{"background-color":"","background-image":"","background-repeat":"repeat","background-position":"center center","background-size":"auto","background-attachment":"scroll","background-type":"","background-media":"","overlay-type":"","overlay-color":"","overlay-opacity":"","overlay-gradient":""}},"ast-content-background-meta":{"desktop":{"background-color":"var(--ast-global-color-5)","background-image":"","background-repeat":"repeat","background-position":"center center","background-size":"auto","background-attachment":"scroll","background-type":"","background-media":"","overlay-type":"","overlay-color":"","overlay-opacity":"","overlay-gradient":""},"tablet":{"background-color":"var(--ast-global-color-5)","background-image":"","background-repeat":"repeat","background-position":"center center","background-size":"auto","background-attachment":"scroll","background-type":"","background-media":"","overlay-type":"","overlay-color":"","overlay-opacity":"","overlay-gradient":""},"mobile":{"background-color":"var(--ast-global-color-5)","background-image":"","background-repeat":"repeat","background-position":"center center","background-size":"auto","background-attachment":"scroll","background-type":"","background-media":"","overlay-type":"","overlay-color":"","overlay-opacity":"","overlay-gradient":""}},"_themeisle_gutenberg_block_has_review":false,"_tribe_events_status":"","_tribe_events_status_reason":"","footnotes":""},"tags":[],"tribe_events_cat":[],"class_list":["post-1392","tribe_events","type-tribe_events","status-publish","hentry"],"uagb_featured_image_src":{"full":false,"thumbnail":false,"medium":false,"medium_large":false,"large":false,"1536x1536":false,"2048x2048":false},"uagb_author_info":{"display_name":"ufv-lilith","author_link":"https:\/\/ufv-halberstadt.de\/2023\/author\/ufv-lilith\/"},"uagb_comment_info":0,"uagb_excerpt":"Wir sind dabei! \u00a0Fr\u00fchst\u00fccke mit uns. Am Montag, den 16.September 2024 um 10:00 Uhr hier im Frauenzentrum Lilith. Zusammen wollen wir mit regionalen, und fair gehandelten oder selbst produzierten \u00a0Lebensmitteln [&hellip;]","_links":{"self":[{"href":"https:\/\/ufv-halberstadt.de\/2023\/wp-json\/wp\/v2\/tribe_events\/1392","targetHints":{"allow":["GET"]}}],"collection":[{"href":"https:\/\/ufv-halberstadt.de\/2023\/wp-json\/wp\/v2\/tribe_events"}],"about":[{"href":"https:\/\/ufv-halberstadt.de\/2023\/wp-json\/wp\/v2\/types\/tribe_events"}],"author":[{"embeddable":true,"href":"https:\/\/ufv-halberstadt.de\/2023\/wp-json\/wp\/v2\/users\/2"}],"version-history":[{"count":1,"href":"https:\/\/ufv-halberstadt.de\/2023\/wp-json\/wp\/v2\/tribe_events\/1392\/revisions"}],"predecessor-version":[{"id":1393,"href":"https:\/\/ufv-halberstadt.de\/2023\/wp-json\/wp\/v2\/tribe_events\/1392\/revisions\/1393"}],"wp:attachment":[{"href":"https:\/\/ufv-halberstadt.de\/2023\/wp-json\/wp\/v2\/media?parent=1392"}],"wp:term":[{"taxonomy":"post_tag","embeddable":true,"href":"https:\/\/ufv-halberstadt.de\/2023\/wp-json\/wp\/v2\/tags?post=1392"},{"taxonomy":"tribe_events_cat","embeddable":true,"href":"https:\/\/ufv-halberstadt.de\/2023\/wp-json\/wp\/v2\/tribe_events_cat?post=1392"}],"curies":[{"name":"wp","href":"https:\/\/api.w.org\/{rel}","templated":true}]}}

Faires Klimafrühstück &#8211; Wir sind dabei! Frühstücke mit uns.

<p><strong>Wir sind dabei!</strong>  <strong>Frühstücke mit uns.</strong></p>
<p><strong>Am Montag, den 16.September 2024 um 10:00 Uhr hier im Frauenzentrum Lilith.</strong></p>
<p><strong>Zusammen wollen wir mit regionalen, und fair gehandelten oder selbst produzierten  Lebensmitteln frühstücken.  </strong></p>
<p><strong>Der Fokus der Veranstaltung liegt auf dem Thema Nachhaltigkeit, das für immer mehr Menschen wichtig beim Einkauf ist. Das wissen auch Unternehmen und bringen auf ihren Produkten Siegel an, die „öko“, „bio“ oder „fair“ versprechen.</strong></p>
<p><strong>Beim gemeinsamen Essen und Austausch </strong><strong>lernen die Teilnehmerinnen von Referent Luis Ordoñez (Mexiko), wie glaubwürdig diese Aussagen sind und woran die Teilnehmerinnen erkennen, welche Produkte wirklich ökologisch und sozial nachhaltig sind.</strong></p>
<p><strong> </strong><strong>Um Voranmeldung mit dem Hinweis, was ihr mitbringt, wird gebeten im Frauenzentrum oder per Mail: veranstaltung@ufv-halberstadt.de</strong></p>
<p><strong>  </strong></p>

<p>Wir sind dabei!  Frühstücke mit uns. Am Montag, den 16.September 2024 um 10:00 Uhr hier im Frauenzentrum Lilith. Zusammen wollen wir mit regionalen, und fair gehandelten oder selbst produzierten  Lebensmitteln [&hellip;]</p>

Wir sind dabei!  Frühstücke mit uns. Am Montag, den 16.September 2024 um 10:00 Uhr hier im Frauenzentrum Lilith. Zusammen wollen wir mit regionalen, und fair gehandelten oder selbst produzierten  Lebensmitteln [&hellip;]
