{"id":1552,"date":"2025-05-20T11:00:34","date_gmt":"2025-05-20T09:00:34","guid":{"rendered":"https:\/\/ufv-halberstadt.de\/2023\/?post_type=tribe_events&#038;p=1552"},"modified":"2025-05-20T11:00:34","modified_gmt":"2025-05-20T09:00:34","slug":"reden-hilft-und-du-bist-nicht-allein-monatliche-elternrunde","status":"publish","type":"tribe_events","link":"https:\/\/ufv-halberstadt.de\/2023\/event\/reden-hilft-und-du-bist-nicht-allein-monatliche-elternrunde\/","title":{"rendered":"Reden hilft&#8230; und du bist nicht allein! &#8211; Monatliche Elternrunde"},"content":{"rendered":"<p>Fragen zur Erziehung? Herausforderungen im Familienalltag?<\/p>\n<p>In unserer monatlichen Elternrunde findest du:<\/p>\n<ul>\n<li>ein offenes Ohr f\u00fcr deine Sorgen<\/li>\n<li>Austausch mit anderen Eltern<\/li>\n<li>professionelle Impulse durch eine Erziehungsberaterin<\/li>\n<li>gemeinsame L\u00f6sungswege f\u00fcr euren Alltag<\/li>\n<li>und ganz viel Verst\u00e4ndnis, Humor und Herz<\/li>\n<\/ul>\n<p>Komm wie du bist, frag was dich bewegt, teile deine Erfahrungen\u00a0 &#8211; und geh gest\u00e4rkt nach Hause.<\/p>\n<p>Kostenlos! Begrenzte Pl\u00e4tze!<\/p>\n<p>Anmeldung und Infos unter: veranstaltung@ufv-halberstadt.de<\/p>\n","protected":false},"excerpt":{"rendered":"<p>Fragen zur Erziehung? Herausforderungen im Familienalltag? In unserer monatlichen Elternrunde findest du: ein offenes Ohr f\u00fcr deine Sorgen Austausch mit anderen Eltern professionelle Impulse durch eine Erziehungsberaterin gemeinsame L\u00f6sungswege f\u00fcr [&hellip;]<\/p>\n","protected":false},"author":2,"featured_media":0,"template":"","meta":{"_uag_custom_page_level_css":"","site-sidebar-layout":"default","site-content-layout":"","ast-site-content-layout":"default","site-content-style":"default","site-sidebar-style":"default","ast-global-header-display":"","ast-banner-title-visibility":"","ast-main-header-display":"","ast-hfb-above-header-display":"","ast-hfb-below-header-display":"","ast-hfb-mobile-header-display":"","site-post-title":"","ast-breadcrumbs-content":"","ast-featured-img":"","footer-sml-layout":"","ast-disable-related-posts":"","theme-transparent-header-meta":"default","adv-header-id-meta":"","stick-header-meta":"","header-above-stick-meta":"","header-main-stick-meta":"","header-below-stick-meta":"","astra-migrate-meta-layouts":"set","ast-page-background-enabled":"default","ast-page-background-meta":{"desktop":{"background-color":"var(--ast-global-color-4)","background-image":"","background-repeat":"repeat","background-position":"center center","background-size":"auto","background-attachment":"scroll","background-type":"","background-media":"","overlay-type":"","overlay-color":"","overlay-opacity":"","overlay-gradient":""},"tablet":{"background-color":"","background-image":"","background-repeat":"repeat","background-position":"center center","background-size":"auto","background-attachment":"scroll","background-type":"","background-media":"","overlay-type":"","overlay-color":"","overlay-opacity":"","overlay-gradient":""},"mobile":{"background-color":"","background-image":"","background-repeat":"repeat","background-position":"center center","background-size":"auto","background-attachment":"scroll","background-type":"","background-media":"","overlay-type":"","overlay-color":"","overlay-opacity":"","overlay-gradient":""}},"ast-content-background-meta":{"desktop":{"background-color":"var(--ast-global-color-5)","background-image":"","background-repeat":"repeat","background-position":"center center","background-size":"auto","background-attachment":"scroll","background-type":"","background-media":"","overlay-type":"","overlay-color":"","overlay-opacity":"","overlay-gradient":""},"tablet":{"background-color":"var(--ast-global-color-5)","background-image":"","background-repeat":"repeat","background-position":"center center","background-size":"auto","background-attachment":"scroll","background-type":"","background-media":"","overlay-type":"","overlay-color":"","overlay-opacity":"","overlay-gradient":""},"mobile":{"background-color":"var(--ast-global-color-5)","background-image":"","background-repeat":"repeat","background-position":"center center","background-size":"auto","background-attachment":"scroll","background-type":"","background-media":"","overlay-type":"","overlay-color":"","overlay-opacity":"","overlay-gradient":""}},"_themeisle_gutenberg_block_has_review":false,"_tribe_events_status":"","_tribe_events_status_reason":"","footnotes":""},"tags":[],"tribe_events_cat":[],"class_list":["post-1552","tribe_events","type-tribe_events","status-publish","hentry"],"uagb_featured_image_src":{"full":false,"thumbnail":false,"medium":false,"medium_large":false,"large":false,"1536x1536":false,"2048x2048":false},"uagb_author_info":{"display_name":"ufv-lilith","author_link":"https:\/\/ufv-halberstadt.de\/2023\/author\/ufv-lilith\/"},"uagb_comment_info":0,"uagb_excerpt":"Fragen zur Erziehung? Herausforderungen im Familienalltag? In unserer monatlichen Elternrunde findest du: ein offenes Ohr f\u00fcr deine Sorgen Austausch mit anderen Eltern professionelle Impulse durch eine Erziehungsberaterin gemeinsame L\u00f6sungswege f\u00fcr [&hellip;]","_links":{"self":[{"href":"https:\/\/ufv-halberstadt.de\/2023\/wp-json\/wp\/v2\/tribe_events\/1552","targetHints":{"allow":["GET"]}}],"collection":[{"href":"https:\/\/ufv-halberstadt.de\/2023\/wp-json\/wp\/v2\/tribe_events"}],"about":[{"href":"https:\/\/ufv-halberstadt.de\/2023\/wp-json\/wp\/v2\/types\/tribe_events"}],"author":[{"embeddable":true,"href":"https:\/\/ufv-halberstadt.de\/2023\/wp-json\/wp\/v2\/users\/2"}],"version-history":[{"count":2,"href":"https:\/\/ufv-halberstadt.de\/2023\/wp-json\/wp\/v2\/tribe_events\/1552\/revisions"}],"predecessor-version":[{"id":1554,"href":"https:\/\/ufv-halberstadt.de\/2023\/wp-json\/wp\/v2\/tribe_events\/1552\/revisions\/1554"}],"wp:attachment":[{"href":"https:\/\/ufv-halberstadt.de\/2023\/wp-json\/wp\/v2\/media?parent=1552"}],"wp:term":[{"taxonomy":"post_tag","embeddable":true,"href":"https:\/\/ufv-halberstadt.de\/2023\/wp-json\/wp\/v2\/tags?post=1552"},{"taxonomy":"tribe_events_cat","embeddable":true,"href":"https:\/\/ufv-halberstadt.de\/2023\/wp-json\/wp\/v2\/tribe_events_cat?post=1552"}],"curies":[{"name":"wp","href":"https:\/\/api.w.org\/{rel}","templated":true}]}}

<p>Fragen zur Erziehung? Herausforderungen im Familienalltag?</p>
<p>In unserer monatlichen Elternrunde findest du:</p>
<ul>
<li>ein offenes Ohr für deine Sorgen</li>
<li>Austausch mit anderen Eltern</li>
<li>professionelle Impulse durch eine Erziehungsberaterin</li>
<li>gemeinsame Lösungswege für euren Alltag</li>
<li>und ganz viel Verständnis, Humor und Herz</li>
</ul>
<p>Komm wie du bist, frag was dich bewegt, teile deine Erfahrungen  &#8211; und geh gestärkt nach Hause.</p>
<p>Kostenlos! Begrenzte Plätze!</p>
<p>Anmeldung und Infos unter: veranstaltung@ufv-halberstadt.de</p>

<p>Fragen zur Erziehung? Herausforderungen im Familienalltag? In unserer monatlichen Elternrunde findest du: ein offenes Ohr für deine Sorgen Austausch mit anderen Eltern professionelle Impulse durch eine Erziehungsberaterin gemeinsame Lösungswege für [&hellip;]</p>

Fragen zur Erziehung? Herausforderungen im Familienalltag? In unserer monatlichen Elternrunde findest du: ein offenes Ohr für deine Sorgen Austausch mit anderen Eltern professionelle Impulse durch eine Erziehungsberaterin gemeinsame Lösungswege für [&hellip;]
